{"id":71,"date":"2023-04-15T22:48:16","date_gmt":"2023-04-15T22:48:16","guid":{"rendered":"http:\/\/arnethage.dk\/index.php\/hello-elementor\/"},"modified":"2026-04-18T21:24:51","modified_gmt":"2026-04-18T21:24:51","slug":"folkemusikorkesteret-birkeris","status":"publish","type":"page","link":"https:\/\/birkeris.dk\/","title":{"rendered":"Folkemusikorkesteret Birkeris"},"content":{"rendered":"\t\t<div data-elementor-type=\"wp-page\" data-elementor-id=\"71\" class=\"elementor elementor-71\">\n\t\t\t\t\t\t<section class=\"elementor-section elementor-top-section elementor-element elementor-element-432e4f6 elementor-section-boxed elementor-section-height-default elementor-section-height-default\" data-id=\"432e4f6\" data-element_type=\"section\">\n\t\t\t\t\t\t<div class=\"elementor-container elementor-column-gap-default\">\n\t\t\t\t\t<div class=\"elementor-column elementor-col-100 elementor-top-column elementor-element elementor-element-01079e1\" data-id=\"01079e1\" data-element_type=\"column\">\n\t\t\t<div class=\"elementor-widget-wrap elementor-element-populated\">\n\t\t\t\t\t\t<div class=\"elementor-element elementor-element-d7d765b elementor-widget elementor-widget-image\" data-id=\"d7d765b\" data-element_type=\"widget\" data-widget_type=\"image.default\">\n\t\t\t\t<div class=\"elementor-widget-container\">\n\t\t\t\t\t\t\t\t\t\t\t\t\t\t\t<img fetchpriority=\"high\" decoding=\"async\" width=\"1024\" height=\"707\" src=\"https:\/\/birkeris.dk\/wp-content\/uploads\/2025\/06\/Birkeris_Barresoegaard_2025_0797_2-1024x707.jpg\" class=\"attachment-large size-large wp-image-784\" alt=\"\" srcset=\"https:\/\/birkeris.dk\/wp-content\/uploads\/2025\/06\/Birkeris_Barresoegaard_2025_0797_2-1024x707.jpg 1024w, https:\/\/birkeris.dk\/wp-content\/uploads\/2025\/06\/Birkeris_Barresoegaard_2025_0797_2-300x207.jpg 300w, https:\/\/birkeris.dk\/wp-content\/uploads\/2025\/06\/Birkeris_Barresoegaard_2025_0797_2-768x530.jpg 768w, https:\/\/birkeris.dk\/wp-content\/uploads\/2025\/06\/Birkeris_Barresoegaard_2025_0797_2-1000x691.jpg 1000w, https:\/\/birkeris.dk\/wp-content\/uploads\/2025\/06\/Birkeris_Barresoegaard_2025_0797_2-230x159.jpg 230w, https:\/\/birkeris.dk\/wp-content\/uploads\/2025\/06\/Birkeris_Barresoegaard_2025_0797_2-350x242.jpg 350w, https:\/\/birkeris.dk\/wp-content\/uploads\/2025\/06\/Birkeris_Barresoegaard_2025_0797_2-480x332.jpg 480w, https:\/\/birkeris.dk\/wp-content\/uploads\/2025\/06\/Birkeris_Barresoegaard_2025_0797_2.jpg 1500w\" sizes=\"(max-width: 1024px) 100vw, 1024px\" \/>\t\t\t\t\t\t\t\t\t\t\t\t\t\t\t<\/div>\n\t\t\t\t<\/div>\n\t\t\t\t\t<\/div>\n\t\t<\/div>\n\t\t\t\t\t<\/div>\n\t\t<\/section>\n\t\t\t\t<section class=\"elementor-section elementor-top-section elementor-element elementor-element-9681607 elementor-section-boxed elementor-section-height-default elementor-section-height-default\" data-id=\"9681607\" data-element_type=\"section\">\n\t\t\t\t\t\t<div class=\"elementor-container elementor-column-gap-default\">\n\t\t\t\t\t<div class=\"elementor-column elementor-col-100 elementor-top-column elementor-element elementor-element-3e65928\" data-id=\"3e65928\" data-element_type=\"column\">\n\t\t\t<div class=\"elementor-widget-wrap elementor-element-populated\">\n\t\t\t\t\t\t<div class=\"elementor-element elementor-element-82f59d7 elementor-widget elementor-widget-text-editor\" data-id=\"82f59d7\" data-element_type=\"widget\" data-widget_type=\"text-editor.default\">\n\t\t\t\t<div class=\"elementor-widget-container\">\n\t\t\t\t\t\t\t\t\t<div>\n<p><strong>Den st\u00e5r p\u00e5 folkemusik fra alverdens lande, n\u00e5r BIRKERIS spiller op.&nbsp;<\/strong><\/p>\n<p><strong>Folkemusikensemblet BIRKERIS er oprindeligt startet i Birker\u00f8d i 1978. Vi er nu hjemmeh\u00f8rende i Aller\u00f8d Kommune og har fast spillested p\u00e5 Aller\u00f8d Musikskole hver tirsdag aften.<\/strong><\/p>\n<p><strong>Vi spiller instrumental, akustisk folkemusik under ledelse af Ulrik Spinkel Thomsen og optr\u00e6der med et bredt repertoire, som f.eks. klezmernumre, musik fra Balkan, Kina, Irland og de nordiske lande.<\/strong><\/p>\n<p><strong>BIRKERIS best\u00e5r p.t. af 18 medlemmer p\u00e5 f\u00f8lgende instrumenter: Violiner, harmonikaer, tv\u00e6rfl\u00f8jter, blokfl\u00f8jter, klarinet, guitarer og bas.<\/strong><\/p>\n<p><strong><span style=\"color: var(--sydney-text-color)\">Vi optr\u00e6der j\u00e6vnligt ved forskellige offentlige og private arrangementer.<\/span><\/strong><\/p>\n<p><a href=\"https:\/\/birkeris.dk\/index.php\/vores-musik\/\"><strong><span style=\"color: var(--sydney-text-color)\"><u>Klik her for at h\u00f8re nogle eksempler p\u00e5 vores musik.<\/u><\/span><\/strong><\/a><\/p>\n<p>Vi er ogs\u00e5 p\u00e5 <a href=\"https:\/\/www.facebook.com\/groups\/birkerisfolkemusik\">Facebook<\/a> og <a href=\"https:\/\/www.youtube.com\/channel\/UCedb-fsJ-sxOqNoLoDB0feg\">YouTube.<\/a><\/p>\n<\/div>\t\t\t\t\t\t\t\t<\/div>\n\t\t\t\t<\/div>\n\t\t\t\t\t<\/div>\n\t\t<\/div>\n\t\t\t\t\t<\/div>\n\t\t<\/section>\n\t\t\t\t<section class=\"elementor-section elementor-top-section elementor-element elementor-element-48e4e10 elementor-section-boxed elementor-section-height-default elementor-section-height-default\" data-id=\"48e4e10\" data-element_type=\"section\">\n\t\t\t\t\t\t<div class=\"elementor-container elementor-column-gap-default\">\n\t\t\t\t\t<div class=\"elementor-column elementor-col-50 elementor-top-column elementor-element elementor-element-d73c5ad\" data-id=\"d73c5ad\" data-element_type=\"column\">\n\t\t\t<div class=\"elementor-widget-wrap elementor-element-populated\">\n\t\t\t\t\t\t<div class=\"elementor-element elementor-element-69f59ef elementor-position-top elementor-widget elementor-widget-image-box\" data-id=\"69f59ef\" data-element_type=\"widget\" data-widget_type=\"image-box.default\">\n\t\t\t\t<div class=\"elementor-widget-container\">\n\t\t\t\t\t<div class=\"elementor-image-box-wrapper\"><figure class=\"elementor-image-box-img\"><img decoding=\"async\" width=\"400\" height=\"160\" src=\"https:\/\/birkeris.dk\/wp-content\/uploads\/2023\/05\/orkester.gif\" class=\"attachment-full size-full wp-image-20\" alt=\"\" \/><\/figure><div class=\"elementor-image-box-content\"><h3 class=\"elementor-image-box-title\">Brug for et orkester?<\/h3><p class=\"elementor-image-box-description\">Brug kontaktformularen i menuen foroven, hvis du s\u00f8ger et sp\u00e6ndende orkester til dit arrangement. S\u00e5 vender vi hurtigt tilbage til dig og aftaler n\u00e6rmere.<\/p><\/div><\/div>\t\t\t\t<\/div>\n\t\t\t\t<\/div>\n\t\t\t\t\t<\/div>\n\t\t<\/div>\n\t\t\t\t<div class=\"elementor-column elementor-col-50 elementor-top-column elementor-element elementor-element-9177552\" data-id=\"9177552\" data-element_type=\"column\">\n\t\t\t<div class=\"elementor-widget-wrap elementor-element-populated\">\n\t\t\t\t\t\t<div class=\"elementor-element elementor-element-1773178 elementor-position-top elementor-widget elementor-widget-image-box\" data-id=\"1773178\" data-element_type=\"widget\" data-widget_type=\"image-box.default\">\n\t\t\t\t<div class=\"elementor-widget-container\">\n\t\t\t\t\t<div class=\"elementor-image-box-wrapper\"><figure class=\"elementor-image-box-img\"><img decoding=\"async\" width=\"114\" height=\"90\" src=\"https:\/\/birkeris.dk\/wp-content\/uploads\/2023\/05\/spillemand.gif\" class=\"attachment-full size-full wp-image-21\" alt=\"\" \/><\/figure><div class=\"elementor-image-box-content\"><h3 class=\"elementor-image-box-title\">Vil du spille med?<\/h3><p class=\"elementor-image-box-description\">Har du lyst til at spille med, kan du spille efter noder, og er du rimeligt rutineret p\u00e5 et instrument, som kan passe ind i orkesteret, h\u00f8rer vi gerne fra dig. Brug kontaktformularen i menuen foroven.<\/p><\/div><\/div>\t\t\t\t<\/div>\n\t\t\t\t<\/div>\n\t\t\t\t\t<\/div>\n\t\t<\/div>\n\t\t\t\t\t<\/div>\n\t\t<\/section>\n\t\t\t\t<section class=\"elementor-section elementor-top-section elementor-element elementor-element-ffcff96 elementor-section-boxed elementor-section-height-default elementor-section-height-default\" data-id=\"ffcff96\" data-element_type=\"section\">\n\t\t\t\t\t\t<div class=\"elementor-container elementor-column-gap-default\">\n\t\t\t\t\t<div class=\"elementor-column elementor-col-100 elementor-top-column elementor-element elementor-element-b692517\" data-id=\"b692517\" data-element_type=\"column\">\n\t\t\t<div class=\"elementor-widget-wrap\">\n\t\t\t\t\t\t\t<\/div>\n\t\t<\/div>\n\t\t\t\t\t<\/div>\n\t\t<\/section>\n\t\t\t\t<\/div>\n\t\t","protected":false},"excerpt":{"rendered":"<p>Den st\u00e5r p\u00e5 folkemusik fra alverdens lande, n\u00e5r BIRKERIS spiller op.&nbsp; Folkemusikensemblet BIRKERIS er oprindeligt startet i Birker\u00f8d i 1978. Vi er [&hellip;]<\/p>\n","protected":false},"author":1,"featured_media":0,"parent":0,"menu_order":0,"comment_status":"closed","ping_status":"closed","template":"","meta":{"footnotes":""},"class_list":["post-71","page","type-page","status-publish","hentry"],"yoast_head":"<!-- This site is optimized with the Yoast SEO plugin v26.2 - https:\/\/yoast.com\/wordpress\/plugins\/seo\/ -->\n<title>Birkeris - Folkemusikorkester<\/title>\n<meta name=\"description\" content=\"Birkeris spiller folkemusik fra alverdens lande. Vi holder til i Farum og optr\u00e6der j\u00e6vnligt ved forskelige lejligheder.\" \/>\n<meta name=\"robots\" content=\"index, follow, max-snippet:-1, max-image-preview:large, max-video-preview:-1\" \/>\n<link rel=\"canonical\" href=\"https:\/\/birkeris.dk\/\" \/>\n<meta property=\"og:locale\" content=\"da_DK\" \/>\n<meta property=\"og:type\" content=\"article\" \/>\n<meta property=\"og:title\" content=\"Birkeris - Folkemusikorkester\" \/>\n<meta property=\"og:description\" content=\"Birkeris spiller folkemusik fra alverdens lande. Vi holder til i Farum og optr\u00e6der j\u00e6vnligt ved forskelige lejligheder.\" \/>\n<meta property=\"og:url\" content=\"https:\/\/birkeris.dk\/\" \/>\n<meta property=\"og:site_name\" content=\"Birkeris\" \/>\n<meta property=\"article:publisher\" content=\"https:\/\/www.facebook.com\/birkeris\" \/>\n<meta property=\"article:modified_time\" content=\"2026-04-18T21:24:51+00:00\" \/>\n<meta property=\"og:image\" content=\"https:\/\/birkeris.dk\/wp-content\/uploads\/2025\/06\/Birkeris_Barresoegaard_2025_0797_2.jpg\" \/>\n\t<meta property=\"og:image:width\" content=\"1500\" \/>\n\t<meta property=\"og:image:height\" content=\"1036\" \/>\n\t<meta property=\"og:image:type\" content=\"image\/jpeg\" \/>\n<meta name=\"twitter:card\" content=\"summary_large_image\" \/>\n<meta name=\"twitter:label1\" content=\"Estimeret l\u00e6setid\" \/>\n\t<meta name=\"twitter:data1\" content=\"2 minutter\" \/>\n<script type=\"application\/ld+json\" class=\"yoast-schema-graph\">{\"@context\":\"https:\/\/schema.org\",\"@graph\":[{\"@type\":\"WebPage\",\"@id\":\"https:\/\/birkeris.dk\/\",\"url\":\"https:\/\/birkeris.dk\/\",\"name\":\"Birkeris - Folkemusikorkester\",\"isPartOf\":{\"@id\":\"https:\/\/birkeris.dk\/#website\"},\"primaryImageOfPage\":{\"@id\":\"https:\/\/birkeris.dk\/#primaryimage\"},\"image\":{\"@id\":\"https:\/\/birkeris.dk\/#primaryimage\"},\"thumbnailUrl\":\"https:\/\/birkeris.dk\/wp-content\/uploads\/2025\/06\/Birkeris_Barresoegaard_2025_0797_2-1024x707.jpg\",\"datePublished\":\"2023-04-15T22:48:16+00:00\",\"dateModified\":\"2026-04-18T21:24:51+00:00\",\"description\":\"Birkeris spiller folkemusik fra alverdens lande. Vi holder til i Farum og optr\u00e6der j\u00e6vnligt ved forskelige lejligheder.\",\"breadcrumb\":{\"@id\":\"https:\/\/birkeris.dk\/#breadcrumb\"},\"inLanguage\":\"da-DK\",\"potentialAction\":[{\"@type\":\"ReadAction\",\"target\":[\"https:\/\/birkeris.dk\/\"]}]},{\"@type\":\"ImageObject\",\"inLanguage\":\"da-DK\",\"@id\":\"https:\/\/birkeris.dk\/#primaryimage\",\"url\":\"https:\/\/birkeris.dk\/wp-content\/uploads\/2025\/06\/Birkeris_Barresoegaard_2025_0797_2.jpg\",\"contentUrl\":\"https:\/\/birkeris.dk\/wp-content\/uploads\/2025\/06\/Birkeris_Barresoegaard_2025_0797_2.jpg\",\"width\":1500,\"height\":1036},{\"@type\":\"BreadcrumbList\",\"@id\":\"https:\/\/birkeris.dk\/#breadcrumb\",\"itemListElement\":[{\"@type\":\"ListItem\",\"position\":1,\"name\":\"Hjem\",\"item\":\"https:\/\/birkeris.dk\/\"},{\"@type\":\"ListItem\",\"position\":2,\"name\":\"Folkemusikorkesteret Birkeris\"}]},{\"@type\":\"WebSite\",\"@id\":\"https:\/\/birkeris.dk\/#website\",\"url\":\"https:\/\/birkeris.dk\/\",\"name\":\"Birkeris\",\"description\":\"Folkemusik fra alverdens lande\",\"publisher\":{\"@id\":\"https:\/\/birkeris.dk\/#organization\"},\"potentialAction\":[{\"@type\":\"SearchAction\",\"target\":{\"@type\":\"EntryPoint\",\"urlTemplate\":\"https:\/\/birkeris.dk\/?s={search_term_string}\"},\"query-input\":{\"@type\":\"PropertyValueSpecification\",\"valueRequired\":true,\"valueName\":\"search_term_string\"}}],\"inLanguage\":\"da-DK\"},{\"@type\":\"Organization\",\"@id\":\"https:\/\/birkeris.dk\/#organization\",\"name\":\"Folkemusikorkesteret Birkeris\",\"url\":\"https:\/\/birkeris.dk\/\",\"logo\":{\"@type\":\"ImageObject\",\"inLanguage\":\"da-DK\",\"@id\":\"https:\/\/birkeris.dk\/#\/schema\/logo\/image\/\",\"url\":\"https:\/\/birkeris.dk\/wp-content\/uploads\/2023\/05\/cropped-birkeris.jpg\",\"contentUrl\":\"https:\/\/birkeris.dk\/wp-content\/uploads\/2023\/05\/cropped-birkeris.jpg\",\"width\":512,\"height\":512,\"caption\":\"Folkemusikorkesteret Birkeris\"},\"image\":{\"@id\":\"https:\/\/birkeris.dk\/#\/schema\/logo\/image\/\"},\"sameAs\":[\"https:\/\/www.facebook.com\/birkeris\"]}]}<\/script>\n<!-- \/ Yoast SEO plugin. -->","yoast_head_json":{"title":"Birkeris - Folkemusikorkester","description":"Birkeris spiller folkemusik fra alverdens lande. Vi holder til i Farum og optr\u00e6der j\u00e6vnligt ved forskelige lejligheder.","robots":{"index":"index","follow":"follow","max-snippet":"max-snippet:-1","max-image-preview":"max-image-preview:large","max-video-preview":"max-video-preview:-1"},"canonical":"https:\/\/birkeris.dk\/","og_locale":"da_DK","og_type":"article","og_title":"Birkeris - Folkemusikorkester","og_description":"Birkeris spiller folkemusik fra alverdens lande. Vi holder til i Farum og optr\u00e6der j\u00e6vnligt ved forskelige lejligheder.","og_url":"https:\/\/birkeris.dk\/","og_site_name":"Birkeris","article_publisher":"https:\/\/www.facebook.com\/birkeris","article_modified_time":"2026-04-18T21:24:51+00:00","og_image":[{"width":1500,"height":1036,"url":"https:\/\/birkeris.dk\/wp-content\/uploads\/2025\/06\/Birkeris_Barresoegaard_2025_0797_2.jpg","type":"image\/jpeg"}],"twitter_card":"summary_large_image","twitter_misc":{"Estimeret l\u00e6setid":"2 minutter"},"schema":{"@context":"https:\/\/schema.org","@graph":[{"@type":"WebPage","@id":"https:\/\/birkeris.dk\/","url":"https:\/\/birkeris.dk\/","name":"Birkeris - Folkemusikorkester","isPartOf":{"@id":"https:\/\/birkeris.dk\/#website"},"primaryImageOfPage":{"@id":"https:\/\/birkeris.dk\/#primaryimage"},"image":{"@id":"https:\/\/birkeris.dk\/#primaryimage"},"thumbnailUrl":"https:\/\/birkeris.dk\/wp-content\/uploads\/2025\/06\/Birkeris_Barresoegaard_2025_0797_2-1024x707.jpg","datePublished":"2023-04-15T22:48:16+00:00","dateModified":"2026-04-18T21:24:51+00:00","description":"Birkeris spiller folkemusik fra alverdens lande. Vi holder til i Farum og optr\u00e6der j\u00e6vnligt ved forskelige lejligheder.","breadcrumb":{"@id":"https:\/\/birkeris.dk\/#breadcrumb"},"inLanguage":"da-DK","potentialAction":[{"@type":"ReadAction","target":["https:\/\/birkeris.dk\/"]}]},{"@type":"ImageObject","inLanguage":"da-DK","@id":"https:\/\/birkeris.dk\/#primaryimage","url":"https:\/\/birkeris.dk\/wp-content\/uploads\/2025\/06\/Birkeris_Barresoegaard_2025_0797_2.jpg","contentUrl":"https:\/\/birkeris.dk\/wp-content\/uploads\/2025\/06\/Birkeris_Barresoegaard_2025_0797_2.jpg","width":1500,"height":1036},{"@type":"BreadcrumbList","@id":"https:\/\/birkeris.dk\/#breadcrumb","itemListElement":[{"@type":"ListItem","position":1,"name":"Hjem","item":"https:\/\/birkeris.dk\/"},{"@type":"ListItem","position":2,"name":"Folkemusikorkesteret Birkeris"}]},{"@type":"WebSite","@id":"https:\/\/birkeris.dk\/#website","url":"https:\/\/birkeris.dk\/","name":"Birkeris","description":"Folkemusik fra alverdens lande","publisher":{"@id":"https:\/\/birkeris.dk\/#organization"},"potentialAction":[{"@type":"SearchAction","target":{"@type":"EntryPoint","urlTemplate":"https:\/\/birkeris.dk\/?s={search_term_string}"},"query-input":{"@type":"PropertyValueSpecification","valueRequired":true,"valueName":"search_term_string"}}],"inLanguage":"da-DK"},{"@type":"Organization","@id":"https:\/\/birkeris.dk\/#organization","name":"Folkemusikorkesteret Birkeris","url":"https:\/\/birkeris.dk\/","logo":{"@type":"ImageObject","inLanguage":"da-DK","@id":"https:\/\/birkeris.dk\/#\/schema\/logo\/image\/","url":"https:\/\/birkeris.dk\/wp-content\/uploads\/2023\/05\/cropped-birkeris.jpg","contentUrl":"https:\/\/birkeris.dk\/wp-content\/uploads\/2023\/05\/cropped-birkeris.jpg","width":512,"height":512,"caption":"Folkemusikorkesteret Birkeris"},"image":{"@id":"https:\/\/birkeris.dk\/#\/schema\/logo\/image\/"},"sameAs":["https:\/\/www.facebook.com\/birkeris"]}]}},"_links":{"self":[{"href":"https:\/\/birkeris.dk\/index.php\/wp-json\/wp\/v2\/pages\/71","targetHints":{"allow":["GET"]}}],"collection":[{"href":"https:\/\/birkeris.dk\/index.php\/wp-json\/wp\/v2\/pages"}],"about":[{"href":"https:\/\/birkeris.dk\/index.php\/wp-json\/wp\/v2\/types\/page"}],"author":[{"embeddable":true,"href":"https:\/\/birkeris.dk\/index.php\/wp-json\/wp\/v2\/users\/1"}],"replies":[{"embeddable":true,"href":"https:\/\/birkeris.dk\/index.php\/wp-json\/wp\/v2\/comments?post=71"}],"version-history":[{"count":86,"href":"https:\/\/birkeris.dk\/index.php\/wp-json\/wp\/v2\/pages\/71\/revisions"}],"predecessor-version":[{"id":892,"href":"https:\/\/birkeris.dk\/index.php\/wp-json\/wp\/v2\/pages\/71\/revisions\/892"}],"wp:attachment":[{"href":"https:\/\/birkeris.dk\/index.php\/wp-json\/wp\/v2\/media?parent=71"}],"curies":[{"name":"wp","href":"https:\/\/api.w.org\/{rel}","templated":true}]}}